site number?
False
Let f = 121 + -123. Let o be 8/(-16) + 8451/f. Let x = -1833 - o. Is x a composite number?
False
Let f be (-1)/(2 + 11/(-5)). Let x = -200 + 203. Suppose 817 = 4*d - f*a, 0*a + x*a + 1018 = 5*d. Is d prime?
False
Let d(j) = -j**2 - 4*j + 3. Let h(i) = i**3 - 6*i**2 + 9*i - 15. Let y(t) = t**2 - 1. Let f(c) = h(c) - 3*y(c). Let o be f(8). Is d(o) a prime number?
True
Suppose -161120 = -2*p - m - 4*m - 26506, 4*m = 0. Is p a composite number?
False
Let u(d) = d + 28. Let w be u(-17). Suppose -4*c + w*c - 6937 = 0. Is c prime?
True
Let k(m) = 440*m**2 - 34*m - 41. Is k(-15) a composite number?
False
Let a = 1086 + 5645. Is a a composite number?
True
Let h be ((-20)/6)/(2*(-7)/21). Suppose 0 = h*s + o - 156891, -42*o = 4*s - 45*o - 125528. Is s composite?
False
Is (3/4)/(11*54/345309624) composite?
False
Let m(d) be the second derivative of -49*d**3/6 + 55*d**2/2 + 4*d - 6. Is m(-18) prime?
True
Let v(j) = -1050*j**3 - 2*j**2 + 2. Let r be v(2). Let m = -5327 - r. Is m a prime number?
True
Let d = -14550 + 52991. Let m = d + -25378. Is m a prime number?
True
Let i(h) = 248*h + 7. Let j(n) = 250*n + 7. Let d(k) = -3*i(k) + 2*j(k). Is d(-2) a prime number?
False
Let y be (26 - 32)/((-6)/116). Is y*(561/(-12))/(-11) composite?
True
Let w be (-3 + 1)*6825/(-14). Let m = w + -470. Is m a composite number?
True
Suppose 21*t - 16*t - 17310 = 0. Let d = -2261 + t. Is d a composite number?
False
Let r(v) = -v - 2. Let k be (-3)/(-15) - (-66)/(-30). Let b be r(k). Is 958 + 0 + b/(-2) composite?
True
Let g be (6/(-12))/((-2)/(-3208)). Let y = g - -3536. Is (y + 4)/(1 - -1) composite?
True
Let x(d) = -6*d**2 - 66*d - 8. Let a be x(-9). Is 846710/a + 3/(-30) a prime number?
True
Let q(m) = -15*m - 91. Let t be q(-5). Is 10690/(-3)*(-8)/t*-3 a prime number?
False
Let l(z) = 3*z**2 + 20*z + 88. Let a be l(17). Suppose 0 = -81*i + 74*i + a. Is i prime?
False
Suppose 3*f + 16*h = 14*h + 210517, 140346 = 2*f + 2*h. Is f a composite number?
True
Let x = 226 + -231. Let r(a) = a**3 + 9*a**2 + 43. Is r(x) composite?
True
Suppose 10 = 17*v - 13*v + 5*f, -f - 22 = -4*v. Suppose v*a - a = -4. Is (a/1)/((-4)/1084 + 0) a prime number?
True
Suppose 4*v = 4*t - 20, v + 14 = 3*t - v. Suppose 10946 = -2*l + t*l. Is l prime?
False
Suppose -13*c - 817 = 509. Let a = 106 + c. Suppose 5*f = l + f - 1707, -a*l + 6756 = 2*f. Is l a prime number?
False
Let w = 3660952 + -2385725. Is w prime?
True
Let y(r) = 34*r**3 + r**2 + 3*r + 3. Let f be y(-1). Let h(u) = -142*u - 273. Is h(f) a composite number?
True
Let a(u) = -302*u**3 - 12*u**2 - 19*u + 1. Let g be (-5 - -3)*((-6 - -4) + 3). Is a(g) composite?
True
Let o be (-433)/3*4*9/(-6). Suppose -4*k + 2*c = -o, 9*k - 14*k + 5*c = -1080. Is k a composite number?
True
Let p = -110 - -114. Let v be ((-4)/(-1))/((-2)/(-1)). Suppose -2*l + 2556 = p*k, 4*k - 3197 = -k - v*l. Is k a composite number?
False
Let n be 12/5 - ((-126)/45)/(-7). Suppose -5*c + n*z = -1117, 4*c - 5*z - 896 = -z. Is c prime?
True
Let x = -1 + 71. Let l = 85 - x. Suppose -l*u = -10*u - 275. Is u a prime number?
False
Let t(j) = -j - 8. Let m be t(-10). Suppose 0 = b + v - m*v - 2, 0 = -5*b - 5*v + 10. Suppose b*z + 227 = 813. Is z a composite number?
False
Let y be (-14)/42 - (-20)/6. Suppose 27 = y*r + 6. Let u(s) = 130*s - 3. Is u(r) prime?
True
Suppose 248*x + 46568 = 244*x. Let j = x + 16681. Is j composite?
False
Suppose 0 = -46*o + 39*o + 19537. Suppose -5*w = -n - 6383, -2*w + o = -n + 239. Is w composite?
False
Let h(s) = 2*s**2 - 4*s + 15. Let b be h(-12). Suppose -2*p - b = 731. Is 2*(-4)/8*p composite?
False
Suppose -4270722 = -7*u + 4*d + 1569309, 5*u - 4171460 = d. Is u a composite number?
True
Let r(q) be the third derivative of 14*q**5/15 + 7*q**4/6 - q**3/2 - q**2 - 51. Is r(8) a composite number?
True
Is (-22523 - 0)*2/(6 + -1 + -7) a prime number?
False
Let d(q) = q + 8. Let k be d(-1). Suppose -38648 = -k*m + 20859. Is m composite?
False
Suppose -8 - 8 = 4*a, -2*a = 3*v - 6328. Let w = v + 13781. Is w composite?
True
Suppose -3*m - 12 = 0, 50 = -9*y + 11*y + 5*m. Suppose 0 = -42*c + y*c + 3647. Is c prime?
True
Suppose -2*c = -0*c + 4*j + 8, -4*c + j = -20. Let d(g) = -76*g - 2. Let k be d(-3). Is (k + c)*(-1)/(-2) composite?
True
Suppose 6*f - 4*f - 105069 = -f. Is f a composite number?
False
Let u(s) be the third derivative of -49*s**6/720 - s**5/24 + 31*s**4/24 - 18*s**2. Let b(i) be the second derivative of u(i). Is b(-6) prime?
False
Let a(x) = -88*x + 9. Let n(o) = -27 + 17*o - 2*o**2 + o**2 + 2 - 5*o. Let s be n(10). Is a(s) a prime number?
True
Suppose -12*f + 55 = 55. Suppose -3*j + 4 + 8 = 0. Suppose -n = f, j*z - n + 253 = 5*z. Is z a prime number?
False
Suppose 4*v = -116 - 188. Let y = 78 + v. Suppose -4*n = -x - 1521, y*x = -3*n + 237 + 890. Is n prime?
True
Let a be (0 + -1)/(2/(-64)). Let j = 34 - a. Suppose j*i = v + 1436, -i - 4*v = -117 - 610. Is i a composite number?
False
Let n(b) = -b**2 - b - 1. Let g be n(-2). Let r(o) be the second derivative of -329*o**3/3 - o**2/2 - 1662*o. Is r(g) prime?
True
Suppose 0 = 3*p + 75 - 84. Suppose -i - r = -7803, p*i - r = i + 15594. Is i prime?
False
Is 671250188/4828 + (-8)/(-34) composite?
False
Let z(i) be the third derivative of 9*i**5/20 - 7*i**4/6 + 8*i**3/3 - 146*i**2. Is z(17) prime?
False
Is (-19)/(((-45)/(-9))/(-1535)) prime?
False
Suppose -64*y + 120*y - 229986 = 474998. Is y composite?
False
Let y = -37177 - -55428. Is y composite?
False
Let f(g) = -9*g + 1. Let a be f(-23). Is (((-53102)/(-3))/(-1))/(a/(-312)) prime?
False
Let o(b) = 51*b + 24. Let l be o(-13). Let s = l + 2156. Is s composite?
True
Let g be 6 + ((-4)/(-3) - 50484/(-18)). Suppose -4*o = -2*p - 2812, -10*p = 4*o - 9*p - g. Is o prime?
False
Let f(q) = 5*q**2 - 73*q + 225. Is f(-29) composite?
False
Let u = -59663 + 204621. Suppose -7*k + u = 15*k. Is k composite?
True
Let b(p) = -p**2 + 11*p - 27. Let q be b(6). Suppose 5*j = -4*k + j + 2336, 2944 = 5*k - q*j. Is k composite?
False
Let f = -4226 - -10423. Is f composite?
False
Let c be 4*(-3)/(-18)*18702/12. Let z = -600 + c. Is z composite?
False
Suppose -2*a + 2 = -10. Suppose -5*t - 5*u - 1983 = -6*t, 0 = -3*u + a. Is t a composite number?
False
Is -2 + (-10)/(-6) + 1731600/27 + 0 a composite number?
True
Let d(a) = -a**2 - 15*a + 9. Let x be d(-15). Suppose x*j - 3 - 6 = 0. Let q(p) = 5753*p - 6. Is q(j) composite?
True
Let w = -120 - -124. Suppose -4*r = -4, w*r - 648 = -y + 8513. Is y a composite number?
False
Let k = 3 + -2. Let h(l) = 1173*l**3 - l**2 - 1615*l**3 + 1330*l**3. Is h(k) prime?
True
Suppose -980 = q - 5*q. Suppose z - 54 = -q. Let b = 298 - z. Is b composite?
True
Let d be 2/(-5)*40/4. Let w be 12*(14/d + 3). Is ((-111)/w)/((-4)/(-152)) composite?
True
Suppose -5*q = 2*o - 844973, -9*o - 507033 = -3*q - 2*o. Is q composite?
True
Let y(b) = -2*b**2 - 17*b - 18. Suppose 3*x + 30 - 9 = 0. Let s be y(x). Suppose d + 2*q - 95 = 0, -q - s*q + 93 = d. Is d prime?
True
Let r = 32 + -21. Let s(h) be the second derivative of h**5/20 + h**4/3 + h**3/3 + 2*h**2 - 10*h - 6. Is s(r) prime?
False
Let o be 4/14*336/6. Let l be (-1492)/(-14) - 1/(28/o). Let s = l - -273. Is s a prime number?
True
Suppose -j + 5695 = o, -3*o + 4*o - 5*j = 5695. Let p = o - 932. Suppose -5*c = -p - 4032. Is c a composite number?
False
Suppose 0 = 5*b + 2*n - 109, 3*n - 71 = -3*b - n. Let i be (-14)/b + 22/6. Suppose -i*k - 4*o + 158 = 0, -7*k + 2*k - 3*o = -278. Is k prime?
False
Let n = 144192 - 63473. Is n a composite number?
True
Let n(w) = 8*w + 62. Let h be n(-7). Suppose q = h*q - 10495. Is q composite?
False
Let u be (-4)/(85/68 + (-10486)/8392). Let v(g) = -g**3 + 5*g**2 - 3*g - 2. Let y be v(3). Is u/(-10) - y/35 prime?
True
Suppose 0 = -o - 6*o + 3*j + 356222, -o - j = -50896. Is o a prime number?
True
Let y(v) = 25*v**2 - 66*v + 35. Let u(f) = -5*f**2 + 13*f - 7. Let x(n) = 11*u(n) + 2*y(n). Let m be x(8). Is -4 - (m - 2 - 2) prime?
True
Let p = -85338 + 125975. Is p a composite number?
False
Let a be ((-40)/30)/(10/(-4965)). Suppose 44*i = 42*i + a. Is i a composite number?
False
Suppose 36 = 7*y - y. Let n be 0 + y/(-3) - -4. Suppose -n*q = 6, -191 = -3*d - 2*q + 184. Is d prime?
True
Is (-400)/20 + 14 + (-3 - -72826) a composite number?
Fals